{"id":7,"date":"2010-02-01T13:05:02","date_gmt":"2010-02-01T12:05:02","guid":{"rendered":"http:\/\/www.ertner-arts.com\/wordpress\/?page_id=7"},"modified":"2017-09-14T13:32:15","modified_gmt":"2017-09-14T11:32:15","slug":"about","status":"publish","type":"page","link":"https:\/\/www.ertnerarts.com\/?page_id=7","title":{"rendered":"Training"},"content":{"rendered":"<p><strong>Filme selbst machen!<\/strong> Klingt einfach, ist es aber nicht. Vor allem, wenn man auf seiner Website oder auf Veranstaltungen \u00fcberzeugen, Zuschauer erreichen und User dazu gewinnen m\u00f6chte. Wir zeigen Ihnen, wie Sie mit einfachen Mitteln hochwertige Filme produzieren. Praxisn\u00e4he und Handwerk stehen bei uns im Mittelpunkt!<\/p>\n<p><span class=\"youtube\"><iframe loading=\"lazy\" title=\"YouTube video player\" class=\"youtube-player\" type=\"text\/html\" width=\"480\" height=\"270\" src=\"\/\/www.youtube.com\/embed\/aLY-P5QOWgg?wmode=transparent&amp;fs=1&amp;hl=en&amp;modestbranding=1&amp;iv_load_policy=3&amp;showsearch=0&amp;rel=0&amp;theme=light\" frameborder=\"0\" allowfullscreen><\/iframe><\/span><\/p>\n<p><strong>Lampenfieber ad\u00e9!<\/strong> Wir helfen Ihnen, \u00f6ffentliche Auftritte sicher und souver\u00e4n zu meistern. Unser Medientraining nimmt Ihnen die Angst vor Mikrofon und Kamera. Vom richtigen Atmen bis zum richtigen Argument, bei uns werden Sie in wenigen Tagen zum Medienprofi: Wie bleibt man auch in Krisensituationen gelassen? Was kann man hartn\u00e4ckigen Journalisten entgegen halten? Welche besonderen Regeln gelten bei Talkshow-Auftritten?<\/p>\n<p><span class=\"youtube\"><iframe loading=\"lazy\" title=\"YouTube video player\" class=\"youtube-player\" type=\"text\/html\" width=\"480\" height=\"270\" src=\"\/\/www.youtube.com\/embed\/vR4BgwRpm1s?wmode=transparent&amp;fs=1&amp;hl=en&amp;modestbranding=1&amp;iv_load_policy=3&amp;showsearch=0&amp;rel=0&amp;theme=light\" frameborder=\"0\" allowfullscreen><\/iframe><\/span><\/p>\n<p><strong>Wir geben Ihnen Antworten, praxis- und lebensnah.<\/strong> Dabei dokumentieren wir unsere \u00dcbungen mit der Kamera und werten die Ergebnisse zusammen mit Ihnen aus. So k\u00f6nnen Sie sich schnell ein Bild von Ihren Fortschritten machen. Wir trainieren Sie einzeln oder in Gruppen, zu fairen Preisen.<\/p>\n<p>Bei Bedarf vermitteln wir gerne Sparringspartner und TV-Studios, um Sie auch auf anspruchsvolle Kommunikationsaufgaben optimal vorzubereiten.<strong> <\/strong><\/p>\n<p><strong> <\/strong><\/p>\n","protected":false},"excerpt":{"rendered":"<p>Filme selbst machen! Klingt einfach, ist es aber nicht. Vor allem, wenn man auf seiner Website oder auf Veranstaltungen \u00fcberzeugen, Zuschauer erreichen und User dazu gewinnen m\u00f6chte. Wir zeigen Ihnen, wie Sie mit einfachen Mitteln hochwertige Filme produzieren. Praxisn\u00e4he und Handwerk stehen bei uns im Mittelpunkt! Lampenfieber ad\u00e9! Wir helfen Ihnen, \u00f6ffentliche Auftritte sicher und [&hellip;]<\/p>\n","protected":false},"author":1,"featured_media":0,"parent":0,"menu_order":4,"comment_status":"open","ping_status":"closed","template":"","meta":[],"_links":{"self":[{"href":"https:\/\/www.ertnerarts.com\/index.php?rest_route=\/wp\/v2\/pages\/7"}],"collection":[{"href":"https:\/\/www.ertnerarts.com\/index.php?rest_route=\/wp\/v2\/pages"}],"about":[{"href":"https:\/\/www.ertnerarts.com\/index.php?rest_route=\/wp\/v2\/types\/page"}],"author":[{"embeddable":true,"href":"https:\/\/www.ertnerarts.com\/index.php?rest_route=\/wp\/v2\/users\/1"}],"replies":[{"embeddable":true,"href":"https:\/\/www.ertnerarts.com\/index.php?rest_route=%2Fwp%2Fv2%2Fcomments&post=7"}],"version-history":[{"count":37,"href":"https:\/\/www.ertnerarts.com\/index.php?rest_route=\/wp\/v2\/pages\/7\/revisions"}],"predecessor-version":[{"id":14,"href":"https:\/\/www.ertnerarts.com\/index.php?rest_route=\/wp\/v2\/pages\/7\/revisions\/14"}],"wp:attachment":[{"href":"https:\/\/www.ertnerarts.com\/index.php?rest_route=%2Fwp%2Fv2%2Fmedia&parent=7"}],"curies":[{"name":"wp","href":"https:\/\/api.w.org\/{rel}","templated":true}]}}